{"id":57,"date":"2023-10-25T13:44:17","date_gmt":"2023-10-25T13:44:17","guid":{"rendered":"https:\/\/www.jezdeckyklubmnisek.cz\/?page_id=57"},"modified":"2023-10-25T13:59:42","modified_gmt":"2023-10-25T13:59:42","slug":"vzdelavani","status":"publish","type":"page","link":"https:\/\/www.jezdeckyklubmnisek.cz\/?page_id=57","title":{"rendered":"Vzd\u011bl\u00e1v\u00e1n\u00ed"},"content":{"rendered":"\n<p>Pro d\u011bti, studenty, nebo seniory po\u0159\u00e1d\u00e1me celou \u0159adu vzd\u011bl\u00e1vac\u00edch kurz\u016f:<\/p>\n\n\n\n<p>Sezn\u00e1men\u00ed se \u017eivotem na farm\u011b<\/p>\n\n\n\n<p>P\u00e9\u010de o pony nebo kon\u011b<\/p>\n\n\n\n<p>Pozn\u00e1v\u00e1n\u00ed rostlin, zv\u011b\u0159e nebo pt\u00e1k\u016f <\/p>\n\n\n\n<p>Praxe pro odborn\u00e9 \u0161koly<\/p>\n\n\n\n<p>Popis a term\u00edny jednotliv\u00fdch kurz\u016f budeme postupn\u011b p\u0159id\u00e1vat na tento web. <\/p>\n\n\n\n<p>V\u00edce informac\u00ed m\u016f\u017eete z\u00edskat na na\u0161ich <a href=\"https:\/\/www.jezdeckyklubmnisek.cz\/?page_id=22\" data-type=\"page\" data-id=\"22\">kontaktech<\/a><\/p>\n","protected":false},"excerpt":{"rendered":"<p>Pro d\u011bti, studenty, nebo seniory po\u0159\u00e1d\u00e1me celou \u0159adu vzd\u011bl\u00e1vac\u00edch kurz\u016f: Sezn\u00e1men\u00ed se \u017eivotem na farm\u011b P\u00e9\u010de o pony nebo kon\u011b Pozn\u00e1v\u00e1n\u00ed rostlin, zv\u011b\u0159e nebo pt\u00e1k\u016f Praxe pro odborn\u00e9 \u0161koly Popis a term\u00edny jednotliv\u00fdch kurz\u016f budeme postupn\u011b p\u0159id\u00e1vat na tento web. V\u00edce informac\u00ed m\u016f\u017eete z\u00edskat na na\u0161ich kontaktech<\/p>\n","protected":false},"author":1,"featured_media":54,"parent":0,"menu_order":0,"comment_status":"closed","ping_status":"closed","template":"","meta":{"footnotes":""},"class_list":["post-57","page","type-page","status-publish","has-post-thumbnail","hentry"],"yoast_head":"<!-- This site is optimized with the Yoast SEO plugin v27.5 - https:\/\/yoast.com\/product\/yoast-seo-wordpress\/ -->\n<title>Vzd\u011bl\u00e1v\u00e1n\u00ed - jezdeckyklubmnisek.cz<\/title>\n<meta name=\"robots\" content=\"index, follow, max-snippet:-1, max-image-preview:large, max-video-preview:-1\" \/>\n<link rel=\"canonical\" href=\"https:\/\/www.jezdeckyklubmnisek.cz\/?page_id=57\" \/>\n<meta property=\"og:locale\" content=\"cs_CZ\" \/>\n<meta property=\"og:type\" content=\"article\" \/>\n<meta property=\"og:title\" content=\"Vzd\u011bl\u00e1v\u00e1n\u00ed - jezdeckyklubmnisek.cz\" \/>\n<meta property=\"og:description\" content=\"Pro d\u011bti, studenty, nebo seniory po\u0159\u00e1d\u00e1me celou \u0159adu vzd\u011bl\u00e1vac\u00edch kurz\u016f: Sezn\u00e1men\u00ed se \u017eivotem na farm\u011b P\u00e9\u010de o pony nebo kon\u011b Pozn\u00e1v\u00e1n\u00ed rostlin, zv\u011b\u0159e nebo pt\u00e1k\u016f Praxe pro odborn\u00e9 \u0161koly Popis a term\u00edny jednotliv\u00fdch kurz\u016f budeme postupn\u011b p\u0159id\u00e1vat na tento web. V\u00edce informac\u00ed m\u016f\u017eete z\u00edskat na na\u0161ich kontaktech\" \/>\n<meta property=\"og:url\" content=\"https:\/\/www.jezdeckyklubmnisek.cz\/?page_id=57\" \/>\n<meta property=\"og:site_name\" content=\"jezdeckyklubmnisek.cz\" \/>\n<meta property=\"article:modified_time\" content=\"2023-10-25T13:59:42+00:00\" \/>\n<meta property=\"og:image\" content=\"https:\/\/www.jezdeckyklubmnisek.cz\/wp-content\/uploads\/2023\/10\/kun1_web-scaled.jpg\" \/>\n\t<meta property=\"og:image:width\" content=\"2560\" \/>\n\t<meta property=\"og:image:height\" content=\"1707\" \/>\n\t<meta property=\"og:image:type\" content=\"image\/jpeg\" \/>\n<meta name=\"twitter:card\" content=\"summary_large_image\" \/>\n<script type=\"application\/ld+json\" class=\"yoast-schema-graph\">{\"@context\":\"https:\\\/\\\/schema.org\",\"@graph\":[{\"@type\":\"WebPage\",\"@id\":\"https:\\\/\\\/www.jezdeckyklubmnisek.cz\\\/?page_id=57\",\"url\":\"https:\\\/\\\/www.jezdeckyklubmnisek.cz\\\/?page_id=57\",\"name\":\"Vzd\u011bl\u00e1v\u00e1n\u00ed - jezdeckyklubmnisek.cz\",\"isPartOf\":{\"@id\":\"https:\\\/\\\/www.jezdeckyklubmnisek.cz\\\/#website\"},\"primaryImageOfPage\":{\"@id\":\"https:\\\/\\\/www.jezdeckyklubmnisek.cz\\\/?page_id=57#primaryimage\"},\"image\":{\"@id\":\"https:\\\/\\\/www.jezdeckyklubmnisek.cz\\\/?page_id=57#primaryimage\"},\"thumbnailUrl\":\"https:\\\/\\\/www.jezdeckyklubmnisek.cz\\\/wp-content\\\/uploads\\\/2023\\\/10\\\/kun1_web-scaled.jpg\",\"datePublished\":\"2023-10-25T13:44:17+00:00\",\"dateModified\":\"2023-10-25T13:59:42+00:00\",\"breadcrumb\":{\"@id\":\"https:\\\/\\\/www.jezdeckyklubmnisek.cz\\\/?page_id=57#breadcrumb\"},\"inLanguage\":\"cs\",\"potentialAction\":[{\"@type\":\"ReadAction\",\"target\":[\"https:\\\/\\\/www.jezdeckyklubmnisek.cz\\\/?page_id=57\"]}]},{\"@type\":\"ImageObject\",\"inLanguage\":\"cs\",\"@id\":\"https:\\\/\\\/www.jezdeckyklubmnisek.cz\\\/?page_id=57#primaryimage\",\"url\":\"https:\\\/\\\/www.jezdeckyklubmnisek.cz\\\/wp-content\\\/uploads\\\/2023\\\/10\\\/kun1_web-scaled.jpg\",\"contentUrl\":\"https:\\\/\\\/www.jezdeckyklubmnisek.cz\\\/wp-content\\\/uploads\\\/2023\\\/10\\\/kun1_web-scaled.jpg\",\"width\":2560,\"height\":1707},{\"@type\":\"BreadcrumbList\",\"@id\":\"https:\\\/\\\/www.jezdeckyklubmnisek.cz\\\/?page_id=57#breadcrumb\",\"itemListElement\":[{\"@type\":\"ListItem\",\"position\":1,\"name\":\"Dom\u016f\",\"item\":\"https:\\\/\\\/www.jezdeckyklubmnisek.cz\\\/\"},{\"@type\":\"ListItem\",\"position\":2,\"name\":\"Vzd\u011bl\u00e1v\u00e1n\u00ed\"}]},{\"@type\":\"WebSite\",\"@id\":\"https:\\\/\\\/www.jezdeckyklubmnisek.cz\\\/#website\",\"url\":\"https:\\\/\\\/www.jezdeckyklubmnisek.cz\\\/\",\"name\":\"jezdeckyklubmnisek.cz\",\"description\":\"\",\"potentialAction\":[{\"@type\":\"SearchAction\",\"target\":{\"@type\":\"EntryPoint\",\"urlTemplate\":\"https:\\\/\\\/www.jezdeckyklubmnisek.cz\\\/?s={search_term_string}\"},\"query-input\":{\"@type\":\"PropertyValueSpecification\",\"valueRequired\":true,\"valueName\":\"search_term_string\"}}],\"inLanguage\":\"cs\"}]}<\/script>\n<!-- \/ Yoast SEO plugin. -->","yoast_head_json":{"title":"Vzd\u011bl\u00e1v\u00e1n\u00ed - jezdeckyklubmnisek.cz","robots":{"index":"index","follow":"follow","max-snippet":"max-snippet:-1","max-image-preview":"max-image-preview:large","max-video-preview":"max-video-preview:-1"},"canonical":"https:\/\/www.jezdeckyklubmnisek.cz\/?page_id=57","og_locale":"cs_CZ","og_type":"article","og_title":"Vzd\u011bl\u00e1v\u00e1n\u00ed - jezdeckyklubmnisek.cz","og_description":"Pro d\u011bti, studenty, nebo seniory po\u0159\u00e1d\u00e1me celou \u0159adu vzd\u011bl\u00e1vac\u00edch kurz\u016f: Sezn\u00e1men\u00ed se \u017eivotem na farm\u011b P\u00e9\u010de o pony nebo kon\u011b Pozn\u00e1v\u00e1n\u00ed rostlin, zv\u011b\u0159e nebo pt\u00e1k\u016f Praxe pro odborn\u00e9 \u0161koly Popis a term\u00edny jednotliv\u00fdch kurz\u016f budeme postupn\u011b p\u0159id\u00e1vat na tento web. V\u00edce informac\u00ed m\u016f\u017eete z\u00edskat na na\u0161ich kontaktech","og_url":"https:\/\/www.jezdeckyklubmnisek.cz\/?page_id=57","og_site_name":"jezdeckyklubmnisek.cz","article_modified_time":"2023-10-25T13:59:42+00:00","og_image":[{"width":2560,"height":1707,"url":"https:\/\/www.jezdeckyklubmnisek.cz\/wp-content\/uploads\/2023\/10\/kun1_web-scaled.jpg","type":"image\/jpeg"}],"twitter_card":"summary_large_image","schema":{"@context":"https:\/\/schema.org","@graph":[{"@type":"WebPage","@id":"https:\/\/www.jezdeckyklubmnisek.cz\/?page_id=57","url":"https:\/\/www.jezdeckyklubmnisek.cz\/?page_id=57","name":"Vzd\u011bl\u00e1v\u00e1n\u00ed - jezdeckyklubmnisek.cz","isPartOf":{"@id":"https:\/\/www.jezdeckyklubmnisek.cz\/#website"},"primaryImageOfPage":{"@id":"https:\/\/www.jezdeckyklubmnisek.cz\/?page_id=57#primaryimage"},"image":{"@id":"https:\/\/www.jezdeckyklubmnisek.cz\/?page_id=57#primaryimage"},"thumbnailUrl":"https:\/\/www.jezdeckyklubmnisek.cz\/wp-content\/uploads\/2023\/10\/kun1_web-scaled.jpg","datePublished":"2023-10-25T13:44:17+00:00","dateModified":"2023-10-25T13:59:42+00:00","breadcrumb":{"@id":"https:\/\/www.jezdeckyklubmnisek.cz\/?page_id=57#breadcrumb"},"inLanguage":"cs","potentialAction":[{"@type":"ReadAction","target":["https:\/\/www.jezdeckyklubmnisek.cz\/?page_id=57"]}]},{"@type":"ImageObject","inLanguage":"cs","@id":"https:\/\/www.jezdeckyklubmnisek.cz\/?page_id=57#primaryimage","url":"https:\/\/www.jezdeckyklubmnisek.cz\/wp-content\/uploads\/2023\/10\/kun1_web-scaled.jpg","contentUrl":"https:\/\/www.jezdeckyklubmnisek.cz\/wp-content\/uploads\/2023\/10\/kun1_web-scaled.jpg","width":2560,"height":1707},{"@type":"BreadcrumbList","@id":"https:\/\/www.jezdeckyklubmnisek.cz\/?page_id=57#breadcrumb","itemListElement":[{"@type":"ListItem","position":1,"name":"Dom\u016f","item":"https:\/\/www.jezdeckyklubmnisek.cz\/"},{"@type":"ListItem","position":2,"name":"Vzd\u011bl\u00e1v\u00e1n\u00ed"}]},{"@type":"WebSite","@id":"https:\/\/www.jezdeckyklubmnisek.cz\/#website","url":"https:\/\/www.jezdeckyklubmnisek.cz\/","name":"jezdeckyklubmnisek.cz","description":"","potentialAction":[{"@type":"SearchAction","target":{"@type":"EntryPoint","urlTemplate":"https:\/\/www.jezdeckyklubmnisek.cz\/?s={search_term_string}"},"query-input":{"@type":"PropertyValueSpecification","valueRequired":true,"valueName":"search_term_string"}}],"inLanguage":"cs"}]}},"_links":{"self":[{"href":"https:\/\/www.jezdeckyklubmnisek.cz\/index.php?rest_route=\/wp\/v2\/pages\/57","targetHints":{"allow":["GET"]}}],"collection":[{"href":"https:\/\/www.jezdeckyklubmnisek.cz\/index.php?rest_route=\/wp\/v2\/pages"}],"about":[{"href":"https:\/\/www.jezdeckyklubmnisek.cz\/index.php?rest_route=\/wp\/v2\/types\/page"}],"author":[{"embeddable":true,"href":"https:\/\/www.jezdeckyklubmnisek.cz\/index.php?rest_route=\/wp\/v2\/users\/1"}],"replies":[{"embeddable":true,"href":"https:\/\/www.jezdeckyklubmnisek.cz\/index.php?rest_route=%2Fwp%2Fv2%2Fcomments&post=57"}],"version-history":[{"count":3,"href":"https:\/\/www.jezdeckyklubmnisek.cz\/index.php?rest_route=\/wp\/v2\/pages\/57\/revisions"}],"predecessor-version":[{"id":77,"href":"https:\/\/www.jezdeckyklubmnisek.cz\/index.php?rest_route=\/wp\/v2\/pages\/57\/revisions\/77"}],"wp:featuredmedia":[{"embeddable":true,"href":"https:\/\/www.jezdeckyklubmnisek.cz\/index.php?rest_route=\/wp\/v2\/media\/54"}],"wp:attachment":[{"href":"https:\/\/www.jezdeckyklubmnisek.cz\/index.php?rest_route=%2Fwp%2Fv2%2Fmedia&parent=57"}],"curies":[{"name":"wp","href":"https:\/\/api.w.org\/{rel}","templated":true}]}}