{"id":61,"date":"2023-10-25T13:45:05","date_gmt":"2023-10-25T13:45:05","guid":{"rendered":"https:\/\/www.jezdeckyklubmnisek.cz\/?page_id=61"},"modified":"2023-10-25T14:02:08","modified_gmt":"2023-10-25T14:02:08","slug":"praxe","status":"publish","type":"page","link":"https:\/\/www.jezdeckyklubmnisek.cz\/?page_id=61","title":{"rendered":"Praxe"},"content":{"rendered":"\n<p>Pro studenty, kte\u0159\u00ed pot\u0159ebuj\u00ed z\u00edskat praxi v p\u00e9\u010di o kon\u011b, nebo jin\u00e1 zv\u00ed\u0159ata, umo\u017en\u00edme z\u00edskat tuto praxi. Studenti se nau\u010d\u00ed nejen, jak prob\u00edh\u00e1 krmen\u00ed, ale tak\u00e9 p\u00e9\u010de o kopyta, pr\u00e1ce s kov\u00e1\u0159em, nebo jak prob\u00edh\u00e1 n\u00e1v\u0161t\u011bva veterin\u00e1\u0159e. <\/p>\n\n\n\n<p>Z\u00e1jemci o praxi se mohou hl\u00e1sit na na\u0161ich <a href=\"https:\/\/www.jezdeckyklubmnisek.cz\/?page_id=22\" data-type=\"page\" data-id=\"22\">kontaktech <\/a><\/p>\n","protected":false},"excerpt":{"rendered":"<p>Pro studenty, kte\u0159\u00ed pot\u0159ebuj\u00ed z\u00edskat praxi v p\u00e9\u010di o kon\u011b, nebo jin\u00e1 zv\u00ed\u0159ata, umo\u017en\u00edme z\u00edskat tuto praxi. Studenti se nau\u010d\u00ed nejen, jak prob\u00edh\u00e1 krmen\u00ed, ale tak\u00e9 p\u00e9\u010de o kopyta, pr\u00e1ce s kov\u00e1\u0159em, nebo jak prob\u00edh\u00e1 n\u00e1v\u0161t\u011bva veterin\u00e1\u0159e. Z\u00e1jemci o praxi se mohou hl\u00e1sit na na\u0161ich kontaktech<\/p>\n","protected":false},"author":1,"featured_media":54,"parent":0,"menu_order":0,"comment_status":"closed","ping_status":"closed","template":"","meta":{"footnotes":""},"class_list":["post-61","page","type-page","status-publish","has-post-thumbnail","hentry"],"yoast_head":"<!-- This site is optimized with the Yoast SEO plugin v27.5 - https:\/\/yoast.com\/product\/yoast-seo-wordpress\/ -->\n<title>Praxe - jezdeckyklubmnisek.cz<\/title>\n<meta name=\"robots\" content=\"index, follow, max-snippet:-1, max-image-preview:large, max-video-preview:-1\" \/>\n<link rel=\"canonical\" href=\"https:\/\/www.jezdeckyklubmnisek.cz\/?page_id=61\" \/>\n<meta property=\"og:locale\" content=\"cs_CZ\" \/>\n<meta property=\"og:type\" content=\"article\" \/>\n<meta property=\"og:title\" content=\"Praxe - jezdeckyklubmnisek.cz\" \/>\n<meta property=\"og:description\" content=\"Pro studenty, kte\u0159\u00ed pot\u0159ebuj\u00ed z\u00edskat praxi v p\u00e9\u010di o kon\u011b, nebo jin\u00e1 zv\u00ed\u0159ata, umo\u017en\u00edme z\u00edskat tuto praxi. Studenti se nau\u010d\u00ed nejen, jak prob\u00edh\u00e1 krmen\u00ed, ale tak\u00e9 p\u00e9\u010de o kopyta, pr\u00e1ce s kov\u00e1\u0159em, nebo jak prob\u00edh\u00e1 n\u00e1v\u0161t\u011bva veterin\u00e1\u0159e. Z\u00e1jemci o praxi se mohou hl\u00e1sit na na\u0161ich kontaktech\" \/>\n<meta property=\"og:url\" content=\"https:\/\/www.jezdeckyklubmnisek.cz\/?page_id=61\" \/>\n<meta property=\"og:site_name\" content=\"jezdeckyklubmnisek.cz\" \/>\n<meta property=\"article:modified_time\" content=\"2023-10-25T14:02:08+00:00\" \/>\n<meta property=\"og:image\" content=\"https:\/\/www.jezdeckyklubmnisek.cz\/wp-content\/uploads\/2023\/10\/kun1_web-scaled.jpg\" \/>\n\t<meta property=\"og:image:width\" content=\"2560\" \/>\n\t<meta property=\"og:image:height\" content=\"1707\" \/>\n\t<meta property=\"og:image:type\" content=\"image\/jpeg\" \/>\n<meta name=\"twitter:card\" content=\"summary_large_image\" \/>\n<script type=\"application\/ld+json\" class=\"yoast-schema-graph\">{\"@context\":\"https:\\\/\\\/schema.org\",\"@graph\":[{\"@type\":\"WebPage\",\"@id\":\"https:\\\/\\\/www.jezdeckyklubmnisek.cz\\\/?page_id=61\",\"url\":\"https:\\\/\\\/www.jezdeckyklubmnisek.cz\\\/?page_id=61\",\"name\":\"Praxe - jezdeckyklubmnisek.cz\",\"isPartOf\":{\"@id\":\"https:\\\/\\\/www.jezdeckyklubmnisek.cz\\\/#website\"},\"primaryImageOfPage\":{\"@id\":\"https:\\\/\\\/www.jezdeckyklubmnisek.cz\\\/?page_id=61#primaryimage\"},\"image\":{\"@id\":\"https:\\\/\\\/www.jezdeckyklubmnisek.cz\\\/?page_id=61#primaryimage\"},\"thumbnailUrl\":\"https:\\\/\\\/www.jezdeckyklubmnisek.cz\\\/wp-content\\\/uploads\\\/2023\\\/10\\\/kun1_web-scaled.jpg\",\"datePublished\":\"2023-10-25T13:45:05+00:00\",\"dateModified\":\"2023-10-25T14:02:08+00:00\",\"breadcrumb\":{\"@id\":\"https:\\\/\\\/www.jezdeckyklubmnisek.cz\\\/?page_id=61#breadcrumb\"},\"inLanguage\":\"cs\",\"potentialAction\":[{\"@type\":\"ReadAction\",\"target\":[\"https:\\\/\\\/www.jezdeckyklubmnisek.cz\\\/?page_id=61\"]}]},{\"@type\":\"ImageObject\",\"inLanguage\":\"cs\",\"@id\":\"https:\\\/\\\/www.jezdeckyklubmnisek.cz\\\/?page_id=61#primaryimage\",\"url\":\"https:\\\/\\\/www.jezdeckyklubmnisek.cz\\\/wp-content\\\/uploads\\\/2023\\\/10\\\/kun1_web-scaled.jpg\",\"contentUrl\":\"https:\\\/\\\/www.jezdeckyklubmnisek.cz\\\/wp-content\\\/uploads\\\/2023\\\/10\\\/kun1_web-scaled.jpg\",\"width\":2560,\"height\":1707},{\"@type\":\"BreadcrumbList\",\"@id\":\"https:\\\/\\\/www.jezdeckyklubmnisek.cz\\\/?page_id=61#breadcrumb\",\"itemListElement\":[{\"@type\":\"ListItem\",\"position\":1,\"name\":\"Dom\u016f\",\"item\":\"https:\\\/\\\/www.jezdeckyklubmnisek.cz\\\/\"},{\"@type\":\"ListItem\",\"position\":2,\"name\":\"Praxe\"}]},{\"@type\":\"WebSite\",\"@id\":\"https:\\\/\\\/www.jezdeckyklubmnisek.cz\\\/#website\",\"url\":\"https:\\\/\\\/www.jezdeckyklubmnisek.cz\\\/\",\"name\":\"jezdeckyklubmnisek.cz\",\"description\":\"\",\"potentialAction\":[{\"@type\":\"SearchAction\",\"target\":{\"@type\":\"EntryPoint\",\"urlTemplate\":\"https:\\\/\\\/www.jezdeckyklubmnisek.cz\\\/?s={search_term_string}\"},\"query-input\":{\"@type\":\"PropertyValueSpecification\",\"valueRequired\":true,\"valueName\":\"search_term_string\"}}],\"inLanguage\":\"cs\"}]}<\/script>\n<!-- \/ Yoast SEO plugin. -->","yoast_head_json":{"title":"Praxe - jezdeckyklubmnisek.cz","robots":{"index":"index","follow":"follow","max-snippet":"max-snippet:-1","max-image-preview":"max-image-preview:large","max-video-preview":"max-video-preview:-1"},"canonical":"https:\/\/www.jezdeckyklubmnisek.cz\/?page_id=61","og_locale":"cs_CZ","og_type":"article","og_title":"Praxe - jezdeckyklubmnisek.cz","og_description":"Pro studenty, kte\u0159\u00ed pot\u0159ebuj\u00ed z\u00edskat praxi v p\u00e9\u010di o kon\u011b, nebo jin\u00e1 zv\u00ed\u0159ata, umo\u017en\u00edme z\u00edskat tuto praxi. Studenti se nau\u010d\u00ed nejen, jak prob\u00edh\u00e1 krmen\u00ed, ale tak\u00e9 p\u00e9\u010de o kopyta, pr\u00e1ce s kov\u00e1\u0159em, nebo jak prob\u00edh\u00e1 n\u00e1v\u0161t\u011bva veterin\u00e1\u0159e. Z\u00e1jemci o praxi se mohou hl\u00e1sit na na\u0161ich kontaktech","og_url":"https:\/\/www.jezdeckyklubmnisek.cz\/?page_id=61","og_site_name":"jezdeckyklubmnisek.cz","article_modified_time":"2023-10-25T14:02:08+00:00","og_image":[{"width":2560,"height":1707,"url":"https:\/\/www.jezdeckyklubmnisek.cz\/wp-content\/uploads\/2023\/10\/kun1_web-scaled.jpg","type":"image\/jpeg"}],"twitter_card":"summary_large_image","schema":{"@context":"https:\/\/schema.org","@graph":[{"@type":"WebPage","@id":"https:\/\/www.jezdeckyklubmnisek.cz\/?page_id=61","url":"https:\/\/www.jezdeckyklubmnisek.cz\/?page_id=61","name":"Praxe - jezdeckyklubmnisek.cz","isPartOf":{"@id":"https:\/\/www.jezdeckyklubmnisek.cz\/#website"},"primaryImageOfPage":{"@id":"https:\/\/www.jezdeckyklubmnisek.cz\/?page_id=61#primaryimage"},"image":{"@id":"https:\/\/www.jezdeckyklubmnisek.cz\/?page_id=61#primaryimage"},"thumbnailUrl":"https:\/\/www.jezdeckyklubmnisek.cz\/wp-content\/uploads\/2023\/10\/kun1_web-scaled.jpg","datePublished":"2023-10-25T13:45:05+00:00","dateModified":"2023-10-25T14:02:08+00:00","breadcrumb":{"@id":"https:\/\/www.jezdeckyklubmnisek.cz\/?page_id=61#breadcrumb"},"inLanguage":"cs","potentialAction":[{"@type":"ReadAction","target":["https:\/\/www.jezdeckyklubmnisek.cz\/?page_id=61"]}]},{"@type":"ImageObject","inLanguage":"cs","@id":"https:\/\/www.jezdeckyklubmnisek.cz\/?page_id=61#primaryimage","url":"https:\/\/www.jezdeckyklubmnisek.cz\/wp-content\/uploads\/2023\/10\/kun1_web-scaled.jpg","contentUrl":"https:\/\/www.jezdeckyklubmnisek.cz\/wp-content\/uploads\/2023\/10\/kun1_web-scaled.jpg","width":2560,"height":1707},{"@type":"BreadcrumbList","@id":"https:\/\/www.jezdeckyklubmnisek.cz\/?page_id=61#breadcrumb","itemListElement":[{"@type":"ListItem","position":1,"name":"Dom\u016f","item":"https:\/\/www.jezdeckyklubmnisek.cz\/"},{"@type":"ListItem","position":2,"name":"Praxe"}]},{"@type":"WebSite","@id":"https:\/\/www.jezdeckyklubmnisek.cz\/#website","url":"https:\/\/www.jezdeckyklubmnisek.cz\/","name":"jezdeckyklubmnisek.cz","description":"","potentialAction":[{"@type":"SearchAction","target":{"@type":"EntryPoint","urlTemplate":"https:\/\/www.jezdeckyklubmnisek.cz\/?s={search_term_string}"},"query-input":{"@type":"PropertyValueSpecification","valueRequired":true,"valueName":"search_term_string"}}],"inLanguage":"cs"}]}},"_links":{"self":[{"href":"https:\/\/www.jezdeckyklubmnisek.cz\/index.php?rest_route=\/wp\/v2\/pages\/61","targetHints":{"allow":["GET"]}}],"collection":[{"href":"https:\/\/www.jezdeckyklubmnisek.cz\/index.php?rest_route=\/wp\/v2\/pages"}],"about":[{"href":"https:\/\/www.jezdeckyklubmnisek.cz\/index.php?rest_route=\/wp\/v2\/types\/page"}],"author":[{"embeddable":true,"href":"https:\/\/www.jezdeckyklubmnisek.cz\/index.php?rest_route=\/wp\/v2\/users\/1"}],"replies":[{"embeddable":true,"href":"https:\/\/www.jezdeckyklubmnisek.cz\/index.php?rest_route=%2Fwp%2Fv2%2Fcomments&post=61"}],"version-history":[{"count":3,"href":"https:\/\/www.jezdeckyklubmnisek.cz\/index.php?rest_route=\/wp\/v2\/pages\/61\/revisions"}],"predecessor-version":[{"id":79,"href":"https:\/\/www.jezdeckyklubmnisek.cz\/index.php?rest_route=\/wp\/v2\/pages\/61\/revisions\/79"}],"wp:featuredmedia":[{"embeddable":true,"href":"https:\/\/www.jezdeckyklubmnisek.cz\/index.php?rest_route=\/wp\/v2\/media\/54"}],"wp:attachment":[{"href":"https:\/\/www.jezdeckyklubmnisek.cz\/index.php?rest_route=%2Fwp%2Fv2%2Fmedia&parent=61"}],"curies":[{"name":"wp","href":"https:\/\/api.w.org\/{rel}","templated":true}]}}